{"id":5765,"date":"2025-05-16T14:38:36","date_gmt":"2025-05-16T14:38:36","guid":{"rendered":"https:\/\/wowcreativeideas.com\/?page_id=5765"},"modified":"2025-05-17T08:12:11","modified_gmt":"2025-05-17T08:12:11","slug":"o-que-fazemos-clone-b","status":"publish","type":"page","link":"https:\/\/wowcreativeideas.com\/?page_id=5765","title":{"rendered":"SERVI\u00c7OS"},"content":{"rendered":"<div class=\"wpb-content-wrapper\"><p>[vc_row bg_type=&#8221;image&#8221; parallax_style=&#8221;vcpb-default&#8221; bg_image_new=&#8221;id^768|url^https:\/\/wowcreativeideas.com\/wp-content\/uploads\/2025\/01\/agency.jpg|caption^null|alt^null|title^agency.jpg|description^null&#8221; bg_image_repeat=&#8221;no-repeat&#8221; bg_override=&#8221;ex-full&#8221; enable_overlay=&#8221;enable_overlay_value&#8221; overlay_color=&#8221;rgba(28,26,26,0.86)&#8221; seperator_enable=&#8221;seperator_enable_value&#8221; seperator_type=&#8221;tilt_left_seperator&#8221; seperator_position=&#8221;bottom_seperator&#8221; seperator_svg_height=&#8221;150&#8243; seperator_shape_background=&#8221;#ffffff&#8221;][vc_column][vc_empty_space height=&#8221;60px&#8221;]<div class=\"ult-animation  ult-animate-viewport  ult-no-mobile \" data-animate=\"fadeInUp\" data-animation-delay=\"0.3\" data-animation-duration=\"1\" data-animation-iteration=\"1\" style=\"opacity:0;\" data-opacity_start_effect=\"\"><\/div>[vc_empty_space height=&#8221;30px&#8221;]<div class=\"ult-animation  ult-animate-viewport  ult-no-mobile \" data-animate=\"fadeInUp\" data-animation-delay=\"0.3\" data-animation-duration=\"1\" data-animation-iteration=\"1\" style=\"opacity:0;\" data-opacity_start_effect=\"\"><\/div>[vc_empty_space height=&#8221;200px&#8221;][\/vc_column][\/vc_row][vc_row css=&#8221;.vc_custom_1531218125315{padding-top: 80px !important;padding-bottom: 100px !important;}&#8221;][vc_column width=&#8221;1\/4&#8243;]<div class=\"ult-animation  ult-animate-viewport  ult-no-mobile \" data-animate=\"fadeInUp\" data-animation-delay=\"0.3\" data-animation-duration=\"1\" data-animation-iteration=\"1\" style=\"opacity:0;\" data-opacity_start_effect=\"\">[vc_custom_heading text=&#8221;CRIA\u00c7\u00c3O DE CONTE\u00daDOS&#8221; font_container=&#8221;tag:h4|text_align:left|color:%23DD3333&#8243; use_theme_fonts=&#8221;yes&#8221; css_animation=&#8221;bounceIn&#8221; css=&#8221;.vc_custom_1747408835201{border-color: #CB1313 !important;}&#8221;]<\/div>[vc_column_text css=&#8221;&#8221;]Contamos hist\u00f3rias que fazem a sua marca ter vida em cada ecr\u00e3, palavra e imagem. Criamos conte\u00fados para sites que capturam a ess\u00eancia do seu neg\u00f3cio, v\u00eddeos que lan\u00e7am marcas, produtos e servi\u00e7os com impacto e campanhas que d\u00e3o voz a empresas, associa\u00e7\u00f5es e organiza\u00e7\u00f5es de todos os setores. Seja para conquistar novos p\u00fablicos ou refor\u00e7ar a sua presen\u00e7a, transformamos ideias em mensagens que inspiram e geram resultados.<\/p>\n<p>Toda marca tem uma hist\u00f3ria para contar \u2014 n\u00f3s fazemos a sua ser inesquec\u00edvel.[\/vc_column_text][\/vc_column][vc_column width=&#8221;1\/4&#8243;]<div class=\"ult-animation  ult-animate-viewport  ult-no-mobile \" data-animate=\"fadeInUp\" data-animation-delay=\"0.3\" data-animation-duration=\"1\" data-animation-iteration=\"1\" style=\"opacity:0;\" data-opacity_start_effect=\"\">[vc_custom_heading text=&#8221;V\u00cdDEOS DE PROMO\u00c7\u00c3O&#8221; font_container=&#8221;tag:h4|text_align:left|color:%23DD3333&#8243; use_theme_fonts=&#8221;yes&#8221; css_animation=&#8221;bounceInDown&#8221; css=&#8221;&#8221;]<\/div>[vc_column_text css=&#8221;&#8221;]Ideias grandiosas merecem respostas \u00e0 altura. Na Wow Creative Ideas, criamos v\u00eddeos que n\u00e3o s\u00f3 apresentam a sua marca, produto ou servi\u00e7o, como tamb\u00e9m os lan\u00e7am para o mundo com for\u00e7a, emo\u00e7\u00e3o e impacto.<br \/>\nDo conceito ao \u00faltimo frame, contamos hist\u00f3rias que prendem o olhar e deixam uma marca na mem\u00f3ria. Seja para apresentar algo novo ou refor\u00e7ar a sua presen\u00e7a no mercado, os nossos v\u00eddeos s\u00e3o feitos para surpreender, envolver e impulsionar.<\/p>\n<p>Porque quando o momento \u00e9 \u00fanico, o seu v\u00eddeo tamb\u00e9m precisa ser.[\/vc_column_text][\/vc_column][vc_column width=&#8221;1\/4&#8243;]<div class=\"ult-animation  ult-animate-viewport  ult-no-mobile \" data-animate=\"fadeInUp\" data-animation-delay=\"0.3\" data-animation-duration=\"1\" data-animation-iteration=\"1\" style=\"opacity:0;\" data-opacity_start_effect=\"\">[vc_custom_heading text=&#8221;V\u00cdDEOS DE CHARME&#8221; font_container=&#8221;tag:h4|text_align:left|color:%23DD3333&#8243; use_theme_fonts=&#8221;yes&#8221; css_animation=&#8221;bounceInDown&#8221; css=&#8221;&#8221;][vc_column_text css=&#8221;&#8221;]Cada empresa tem uma hist\u00f3ria que merece ser contada de forma \u00fanica. Nos v\u00eddeos de charme da Wow Creative Ideas, transformamos a sua ess\u00eancia em narrativas envolventes \u2014 seja com roteiros originais que criamos para si, seja valorizando cada detalhe que j\u00e1 faz parte da sua hist\u00f3ria.<br \/>\nApresentamos a sua marca, produtos ou servi\u00e7os de maneira aut\u00eantica, cativante e memor\u00e1vel, criando uma liga\u00e7\u00e3o emocional verdadeira com o seu p\u00fablico.<\/p>\n<p>Conte a sua hist\u00f3ria ou deixe a hist\u00f3ria por nossa conta. N\u00f3s damos-lhe vida.[\/vc_column_text]<\/div>[\/vc_column][vc_column width=&#8221;1\/4&#8243;]<div class=\"ult-animation  ult-animate-viewport  ult-no-mobile \" data-animate=\"fadeInUp\" data-animation-delay=\"0.3\" data-animation-duration=\"1\" data-animation-iteration=\"1\" style=\"opacity:0;\" data-opacity_start_effect=\"\">[vc_custom_heading text=&#8221;CAMPANHAS DE PUBLICIDADE&#8221; font_container=&#8221;tag:h4|text_align:left|color:%23DD3333&#8243; use_theme_fonts=&#8221;yes&#8221; css_animation=&#8221;bounceIn&#8221; css=&#8221;&#8221;]<\/div>[vc_column_text css=&#8221;&#8221;]Uma boa campanha n\u00e3o nasce do acaso \u2014 \u00e9 constru\u00edda passo a passo, com estrat\u00e9gia, criatividade e paix\u00e3o. Na Wow Creative Ideas, desenhamos campanhas completas que levam a sua marca mais longe.<\/p>\n<p>Come\u00e7amos com o planeamento: entendemos o seu p\u00fablico, o seu prop\u00f3sito e o seu mercado. Depois, mergulhamos na cria\u00e7\u00e3o, onde as ideias ganham forma em conceitos fortes e originais. Seguimos para a produ\u00e7\u00e3o, transformando essas ideias em pe\u00e7as que brilham em qualquer meio. E, claro, n\u00e3o paramos por a\u00ed: com a divulga\u00e7\u00e3o estrat\u00e9gica e a an\u00e1lise de resultados, ajustamos rotas para garantir o melhor impacto.<\/p>\n<p>Cada campanha \u00e9 uma jornada. Vamos planear, criar e conquistar juntos?[\/vc_column_text][\/vc_column][\/vc_row][vc_row][vc_column][vc_separator color=&#8221;pink&#8221; css=&#8221;&#8221;][vc_zigzag color=&#8221;juicy_pink&#8221;][\/vc_column][\/vc_row]<\/p>\n<\/div>","protected":false},"excerpt":{"rendered":"<p>[vc_row bg_type=&#8221;image&#8221; parallax_style=&#8221;vcpb-default&#8221; bg_image_new=&#8221;id^768|url^https:\/\/wowcreativeideas.com\/wp-content\/uploads\/2025\/01\/agency.jpg|caption^null|alt^null|title^agency.jpg|description^null&#8221; bg_image_repeat=&#8221;no-repeat&#8221; bg_override=&#8221;ex-full&#8221; enable_overlay=&#8221;enable_overlay_value&#8221; overlay_color=&#8221;rgba(28,26,26,0.86)&#8221; seperator_enable=&#8221;seperator_enable_value&#8221; seperator_type=&#8221;tilt_left_seperator&#8221; seperator_position=&#8221;bottom_seperator&#8221; seperator_svg_height=&#8221;150&#8243; seperator_shape_background=&#8221;#ffffff&#8221;][vc_column][vc_empty_space height=&#8221;60px&#8221;][vc_empty_space height=&#8221;30px&#8221;][vc_empty_space height=&#8221;200px&#8221;][\/vc_column][\/vc_row][vc_row css=&#8221;.vc_custom_1531218125315{padding-top: 80px !important;padding-bottom: 100px !important;}&#8221;][vc_column width=&#8221;1\/4&#8243;][vc_column_text css=&#8221;&#8221;]Contamos hist\u00f3rias que fazem a sua marca ter vida em cada ecr\u00e3, palavra e imagem. Criamos conte\u00fados para sites que capturam a ess\u00eancia do seu neg\u00f3cio, v\u00eddeos que lan\u00e7am marcas, produtos e servi\u00e7os [&hellip;]<\/p>\n","protected":false},"author":1,"featured_media":0,"parent":0,"menu_order":0,"comment_status":"closed","ping_status":"closed","template":"page.php","meta":{"pagelayer_contact_templates":[],"_pagelayer_content":"","footnotes":""},"class_list":["post-5765","page","type-page","status-publish","hentry"],"_links":{"self":[{"href":"https:\/\/wowcreativeideas.com\/index.php?rest_route=\/wp\/v2\/pages\/5765","targetHints":{"allow":["GET"]}}],"collection":[{"href":"https:\/\/wowcreativeideas.com\/index.php?rest_route=\/wp\/v2\/pages"}],"about":[{"href":"https:\/\/wowcreativeideas.com\/index.php?rest_route=\/wp\/v2\/types\/page"}],"author":[{"embeddable":true,"href":"https:\/\/wowcreativeideas.com\/index.php?rest_route=\/wp\/v2\/users\/1"}],"replies":[{"embeddable":true,"href":"https:\/\/wowcreativeideas.com\/index.php?rest_route=%2Fwp%2Fv2%2Fcomments&post=5765"}],"version-history":[{"count":15,"href":"https:\/\/wowcreativeideas.com\/index.php?rest_route=\/wp\/v2\/pages\/5765\/revisions"}],"predecessor-version":[{"id":5870,"href":"https:\/\/wowcreativeideas.com\/index.php?rest_route=\/wp\/v2\/pages\/5765\/revisions\/5870"}],"wp:attachment":[{"href":"https:\/\/wowcreativeideas.com\/index.php?rest_route=%2Fwp%2Fv2%2Fmedia&parent=5765"}],"curies":[{"name":"wp","href":"https:\/\/api.w.org\/{rel}","templated":true}]}}